termine f(c).
4
Let r(f) = f**2 + 17*f + 11. Let z = 287 + -279. Suppose 12*b - z*b + 57 = p, -5*b + 4*p = 63. Calculate r(b).
-19
Let u(d) = -d**2 - 27*d - 18. Let z(g) = -6*g**2 - 107*g - 74. Let q(p) = -25*u(p) + 6*z(p). Calculate q(3).
6
Let w(c) = c**2 - 9*c + 1. Let v = -120 - -123. Suppose -2*k + 38 = 4*i, -4*k - v = -k. Give w(i).
11
Let n(a) = -a**2 + 11*a - 9. Let r = -294 - -304. What is n(r)?
1
Suppose x - 5*x - 2*h + 50 = 0, 0 = 2*x - h - 35. Let d be ((-16)/(-40))/((-3)/x). Let u(z) = 13*z + 2. Calculate u(d).
-24
Let l(p) = 9*p + 1. Let s = -68 + 72. Suppose 11 + 6 = 3*d - s*m, -5*m = 4*d + 29. Calculate l(d).
-8
Let b(r) = -r**3 + 4*r**2 + 3*r + 6. Let p(f) be the second derivative of -4*f**3/3 + 77*f**2/2 - 3*f + 2. Let w be p(9). Determine b(w).
-4
Let s be (-2)/13 - (-624)/(-338). Let w(y) = -4*y - 4. Let d = 63 + -54. Let b(f) = -f - 1. Let t(c) = d*b(c) + s*w(c). Determine t(6).
-7
Let r(x) be the second derivative of -x**4/12 - x**3/2 + x**2/2 - 2*x + 68. Let s = 19 - 25. Give r(s).
-17
Let m(v) = -v + 2. Let j = 17 + -13. Suppose 4*f - 9 = -z, 0*f + 5*f - 2*z = 8. Suppose -2 - 6 = j*b, f*b = c - 10. Calculate m(c).
-4
Let z = -1347 + 1380. Let k = -7 + 10. Let m(t) = z - 18 + 4*t - 12 - k*t. Calculate m(-3).
0
Let n be (-10 - 414)/8 + 7/(7/(-2)). Let d be (-4)/(0 - (-2)/31). Let r = d - n. Let o(p) = p**3 + 6*p**2 - 9*p - 1. Give o(r).
13
Suppose 2*l + 4*l = 5*h - 17, -3*l - 5 = h. Let g = -2 - -3. Let n(f) = g + 2*f**3 - 5 + 3. What is n(h)?
1
Suppose 0*m = -4*m - 9*a + 82, 0 = -2*m + 4*a - 10. Let y(n) = 5*n - 43. Determine y(m).
-8
Let r(n) = -5*n**2 + 0*n - 11*n + 17 + n + 951*n**3 - 950*n**3. Determine r(7).
45
Let w(a) = a**2 - 3. Suppose 48 + 344 = 8*q. Let f = q - 52. What is w(f)?
6
Let h = 1405 + -1415. Let y(g) = g**2 + 5*g - 11. Give y(h).
39
Let u = 0 - 5. Let r(l) = -3*l - 2. Let m be r(6). Let w be 2*u/m*2. Let j(p) = 16*p**2 - 2*p + 1. Determine j(w).
15
Let q be ((-4)/(-9) - 93/27)/1. Let c(v) = -2*v**2 - 3*v - 2. Calculate c(q).
-11
Let l(p) = -23*p + 455. Let g be l(20). Let b(o) = 3*o**2 + 43 + 6*o + 3*o**2 + o**3 - 18 - 23. Give b(g).
-3
Let r(j) = 3*j**3 - 12*j**2 - 9*j + 6. Let o(w) = w**3 - w**2 - w - 1. Let b(g) = 4*o(g) - r(g). Let m = 39 - 42. Let u be (3/18*m)/(1/14). What is b(u)?
4
Let o = 10736 - 10732. Let d(j) = 5*j + 23. Determine d(o).
43
Let s(y) be the second derivative of -13/2*y**2 - y + 0 - 1/6*y**3. Suppose -c = 3*b + 6, 4*b + 5*c + 30 = -0. Determine s(b).
-13
Let n = -2821 + 2828. Let y(w) = -w**3 + 9*w**2 - 12*w - 7. Determine y(n).
7
Let v = -30 + 30. Let m be 10/6*126/35. Let t(p) = 5*p + m - 6*p + p**2 + p - p. What is t(v)?
6
Let d(f) = f**2 - 15*f - 1. Suppose l - 5*l = -2*k + 8, -5*k + l = -56. Determine d(k).
-37
Let w(d) = -d**2 - 9*d - 10. Let s be w(-7). Suppose 3*t = -3*g - 116 + 596, 0 = -5*t + g + 824. Let b(n) = 1 - 82*n**2 - 86*n**2 + n**3 + t*n**2. Give b(s).
1
Let p(a) = -10*a**3 - 3*a**2 + 3*a + 98. Let d(s) = -9*s**3 - 3*s**2 + 2*s + 78. Let j(c) = -5*d(c) + 4*p(c). Let t be (-4)/(-6) + (-24)/9. Determine j(t).
-30
Let v be (6 - 8) + 222/2. Let a = 27 + -139. Let m = a + v. Let u(c) = -2*c**2 - 5*c - 2. Calculate u(m).
-5
Let q be (-138)/(-216)*9 - (-10)/8. Let p be (-3 - -3) + 2 + 3. Let t(o) = -8*o - p - 6*o**2 - o**3 + 2*o**3 + 0*o**3. Give t(q).
-12
Let j be (7 - 4 - 2)*2. Suppose -5*a + 25 - 5 = 0. Let u(m) = -30 + 3*m - 9*m + 35 - a*m**j + 6*m**2. Give u(4).
13
Suppose 0 = -188*a + 184*a + 8. Let p be a/(-9) - (-504)/81. Let k(h) = -h**3 + 7*h**2 - 6*h - 6. What is k(p)?
-6
Let f = -11810 - -11808. Let a(h) = 19*h + 34. Calculate a(f).
-4
Suppose -70*a - 260 = -83*a. Suppose 0 = -2*m + 3*o - a, o + o = 2*m + 22. Let u(j) = j**2 + 14*j + 13. Calculate u(m).
0
Suppose -1 = 5*m - 6. Suppose -8*d = -16 - 8. Let b(f) = 2*f - 18*f**d + 4*f**2 - 4*f**2 - 175 + 174. Determine b(m).
-17
Let s(p) = -12*p - 285. Suppose -2*f - 39 = -5*j, 4*f + 33*j + 93 = 28*j. Calculate s(f).
-21
Let y(u) = -6 - 14 + 24 - 7 - 7 + 4*u. Let d(c) = 17*c - 30. Let o(a) = -2*d(a) + 7*y(a). Calculate o(-9).
44
Let j(r) be the second derivative of -3*r**5/20 + 3*r**3/2 + 4*r**2 + 3594*r. Give j(-1).
2
Let g(l) = -274*l - 13. Let p(s) = -25*s. Let d(q) = 2*g(q) - 22*p(q). What is d(3)?
-20
Let j(n) = -6*n + 77. Let c(i) = 9*i + 9. Let y(b) = c(b) + j(b). Give y(-26).
8
Let y(a) = 0 + 10*a - 1 + 2*a**2 - 13*a + 10*a - 1. Calculate y(-7).
47
Let b(m) be the third derivative of m**5/30 - 5*m**4/24 - 2*m**3/3 - 15*m**2. Let a(g) = g**3 - 40*g**2 - 4*g - 1513. Let v be a(41). Calculate b(v).
8
Let k(d) = -d**2 - 62*d + 5. Let o be k(-62). Let y(n) = 0*n + 2 + 2*n**2 - n**2 - 2*n**2 + 7*n. What is y(o)?
12
Suppose -13*b + 29 = -8*b + 2*c, 0 = -2*b + c + 8. Let l(i) = -7*i**2 + 32*i + 3. What is l(b)?
-12
Let y = 111 - 109. Let r(f) = -4 - y*f - 6 - 6 + 8. Determine r(-5).
2
Let i(g) = g**2 - 18*g - 39. Suppose 122*c - 542 = 1776. Calculate i(c).
-20
Let m be (-22)/(-6) - 4/6. Let d(x) = -23*x**3 - 22*x**3 + 58*x**m - 6 + 2 + 3. Give d(1).
12
Let s(b) = -5*b**2 + 56*b - 4. Let a be s(11). Let l(g) = -222*g**2 - a + g**3 + 0*g**3 - 2*g**3 - g + 10*g + 224*g**2. Calculate l(4).
-3
Let d(i) = 6*i**2 - 4*i - 3. Suppose o + 3*g - 72 = 0, -15*g + 13*g - 205 = -3*o. Suppose o*c = 76*c + 7. What is d(c)?
7
Let d(c) be the first derivative of c**3/3 + 5*c**2/2 + 5*c + 20. Let n(b) = -b**2 + 10*b + 6. Let m be n(6). Suppose 3*s + 3*s + m = 0. Calculate d(s).
5
Suppose 5*f = h + 113, f + 5*h = -f + 56. Let g(p) = 13 - f - 17 - p. What is g(0)?
-27
Let q = 211 + -196. Let x be (q/(-6))/((-3)/6). Let c(u) be the third derivative of -u**5/60 + u**4/6 + 7*u**3/6 - u**2. Calculate c(x).
2
Let i(b) = 6267*b**3 - 5*b**2 + 3*b**2 - 12*b - 6268*b**3 + 15*b + 3. Determine i(3).
-33
Let n(y) = -y**3 + 56*y**2 - 107*y - 59. Suppose -8*m - 31*m - 11*m = -2700. Give n(m).
-5
Let o(d) = -3*d - 8*d + 2*d - 3 - 7*d - 3*d**2 + 17*d. What is o(3)?
-27
Let l(f) = 3*f**2 + 16*f - 7. Let w(y) = -y**3 - y**2 + 66*y + 73. Let o be w(-8). Calculate l(o).
28
Suppose 12*z - 5*p + 39 + 43 = 0, -3*p - 12 = 3*z. Let f(l) = 6*l - 3*l + 0*l + l**2 - 1 + 5*l. Give f(z).
-13
Let h(a) = 3*a**2 + a**3 + 4 - 7*a - 2 + 1 + 9*a. Let l be h(-2). Let s(v) = 1 - 2*v - l*v + 7*v. Give s(-1).
-1
Let c = 568 - 569. Let w be 2*c*(8 + 0)/2. Let r(i) = -i - 16. Calculate r(w).
-8
Let n(i) = -i**2 + 4*i - 6. Let z(k) = 2*k**2 + 34*k + 11. Let x be z(-17). Suppose -2*q + 4*d - 2 = 0, -12*q = -x*q + 5*d - 20. What is n(q)?
-11
Let z(x) = -9*x - 10. Let a be (-1)/(8/14) - (245/(-28) + 9). Give z(a).
8
Let l(d) = -93 - 104 - d + d**2 + 280 - 114. Give l(-8).
41
Let y(j) = j**3 + j + 2. Let c be y(0). Let h = -1030 + 1034. Let i(b) = -b + h + 4*b - c*b. What is i(-2)?
2
Let n(p) = -144*p - 129*p + 396*p - 6 - 137*p. What is n(4)?
-62
Let l(a) = a**3 - 7*a**2 + 3*a - 5. Suppose 0 = -3*g + 32*f - 35*f + 42, 3*g = -f + 32. Suppose 0 = g*r - 122 + 68. Determine l(r).
-23
Let w(p) be the second derivative of p**4/12 + 8*p**3/3 - 9*p**2 - 6*p. Let z(f) = -2*f**2 + 418*f - 1657. Let v be z(4). Give w(v).
-1
Let n(z) = -z**3 - 20*z**2 - 19*z - 2. Let a be n(-19). Let f(o) = -24*o**2 + 10*o - 8. Let u(t) = 15*t**2 - 6*t + 5. Let w(p) = 3*f(p) + 5*u(p). What is w(a)?
13
Let x(o) = 11*o**2 + 12*o**2 + 7*o + 13 - 9 - o**3 - 27*o**2. Calculate x(-5).
-6
Let v(a) = 25*a**2 + 104*a + 14. Let l be v(-8). Let t(n) = -1 + 387*n + 396*n - 2 - l*n. Suppose 2*z - 3 - 3 = 0. Determine t(z).
0
Let n be ((-16)/(-2))/(12/18). Let o(j) = -3*j + 14*j - n*j - 7. Determine o(-9).
2
Let y(n) = -n**2 + n + 23. Let w(b) = -11*b**3 - 21*b**2 + 5*b + 13. Let c be w(-2). Determine y(c).
-19
Let b(o) = 4*o**3 - 58*o**2 - 34*o + 63. Let w be b(15). Let d(s) = -s**3 + s**2 + 5*s - 4. Calculate d(w).
-7
Let b(j) be the second derivative of -j**4/12 + 17*j**3/6 + 30*j**2 + 4307*j. Determine b(23).
-78
Suppose -281*s - 40 = 4*l - 277*s, -5*l - 4*s - 43 = 0. Let f(z) = 9 + z**2 + 2*z + 0*z**2 - 13. What is f(l)?
-1
Let g(r) = -7 + 7 + 4 - 2*r - 5. Let n(i) = i. Let h(q) = g(q) - 6*n(q). Determine h(2).
-17
Let w(t) be the third derivative of -1/120*t**6 - 1/12*t**5 + 0*t + 1/2*t**3 + 0 + 2*t**2 - 1/8*t**4. Let h be 60/(-130) + (-33)/13. Determine w(h).
-6
Let b = 23 + -22. Let t(l) = -45*l - 48